{"id":6,"date":"2020-03-19T07:29:48","date_gmt":"2020-03-19T06:29:48","guid":{"rendered":"http:\/\/www.salaud-patron-capitaliste.com\/?page_id=6"},"modified":"2020-03-28T10:33:56","modified_gmt":"2020-03-28T09:33:56","slug":"le-nouveau-e-mucem-ouvre-ses-portes-2","status":"publish","type":"page","link":"https:\/\/www.salaud-patron-capitaliste.com\/","title":{"rendered":"Suis-je devenu un salaud de patron capitaliste ?"},"content":{"rendered":"\n<div class=\"is-layout-flow wp-block-group alignwide\"><div class=\"wp-block-group__inner-container\">\n<h2 class=\"has-text-align-center\">Les coulisses de la vie d&rsquo;un entrepreneur.<\/h2>\n<\/div><\/div>\n\n\n\n<div class=\"is-layout-flex wp-container-8 wp-block-columns alignwide\">\n<div class=\"is-layout-flow wp-block-column\">\n<div class=\"is-layout-flow wp-block-group\"><div class=\"wp-block-group__inner-container\">\n<figure class=\"wp-block-image alignfull size-full\"><img decoding=\"async\" src=\"https:\/\/www.salaud-patron-capitaliste.com\/wp-content\/themes\/twentytwenty\/assets\/images\/2020-three-quarters-1.png\" alt=\"\" class=\"wp-image-37\"\/><\/figure>\n\n\n\n<h3>Travaux et jours<\/h3>\n\n\n\n<p>Jour 1 de confinement<\/p>\n\n\n\n<div class=\"wp-block-button is-style-outline\"><a class=\"wp-block-button__link\" href=\"https:\/\/make.wordpress.org\/core\/2019\/09\/27\/block-editor-theme-related-updates-in-wordpress-5-3\/\">Lire la suite<\/a><\/div>\n<\/div><\/div>\n\n\n\n<div class=\"is-layout-flow wp-block-group\"><div class=\"wp-block-group__inner-container\">\n<figure class=\"wp-block-image alignfull size-full\"><img decoding=\"async\" src=\"https:\/\/www.salaud-patron-capitaliste.com\/wp-content\/themes\/twentytwenty\/assets\/images\/2020-three-quarters-3.png\" alt=\"\" class=\"wp-image-37\"\/><\/figure>\n\n\n\n<h3>Th\u00e9\u00e2tre des op\u00e9rations<\/h3>\n\n\n\n<p>1er octobre au 1er d\u00e9cembre<\/p>\n\n\n\n<div class=\"wp-block-button is-style-outline\"><a class=\"wp-block-button__link\" href=\"https:\/\/make.wordpress.org\/core\/2019\/09\/27\/block-editor-theme-related-updates-in-wordpress-5-3\/\">Lire la suite<\/a><\/div>\n<\/div><\/div>\n<\/div>\n\n\n\n<div class=\"is-layout-flow wp-block-column\">\n<div class=\"is-layout-flow wp-block-group\"><div class=\"wp-block-group__inner-container\">\n<figure class=\"wp-block-image alignfull size-full\"><img decoding=\"async\" src=\"https:\/\/www.salaud-patron-capitaliste.com\/wp-content\/themes\/twentytwenty\/assets\/images\/2020-three-quarters-2.png\" alt=\"\" class=\"wp-image-37\"\/><\/figure>\n\n\n\n<h3>La vie que je m\u00e9rite<\/h3>\n\n\n\n<p>Jour 2 de confinement<\/p>\n\n\n\n<div class=\"wp-block-button is-style-outline\"><a class=\"wp-block-button__link\" href=\"https:\/\/make.wordpress.org\/core\/2019\/09\/27\/block-editor-theme-related-updates-in-wordpress-5-3\/\">Lire la suite<\/a><\/div>\n<\/div><\/div>\n\n\n\n<div class=\"is-layout-flow wp-block-group\"><div class=\"wp-block-group__inner-container\">\n<figure class=\"wp-block-image alignfull size-full\"><img decoding=\"async\" src=\"https:\/\/www.salaud-patron-capitaliste.com\/wp-content\/themes\/twentytwenty\/assets\/images\/2020-three-quarters-4.png\" alt=\"\" class=\"wp-image-37\"\/><\/figure>\n\n\n\n<h3>De Signac \u00e0 Matisse<\/h3>\n\n\n\n<p>1er octobre au 1er d\u00e9cembre<\/p>\n\n\n\n<div class=\"wp-block-button is-style-outline\"><a class=\"wp-block-button__link\" href=\"https:\/\/make.wordpress.org\/core\/2019\/09\/27\/block-editor-theme-related-updates-in-wordpress-5-3\/\">Lire la suite<\/a><\/div>\n<\/div><\/div>\n<\/div>\n<\/div>\n\n\n\n<figure class=\"wp-block-image alignfull size-large\"><img decoding=\"async\" loading=\"lazy\" width=\"1024\" height=\"683\" src=\"http:\/\/www.salaud-patron-capitaliste.com\/wp-content\/uploads\/2020\/03\/lumber-84678_1920-1024x683.jpg\" alt=\"Bois \u00e9clat\u00e9\" class=\"wp-image-86\" srcset=\"https:\/\/www.salaud-patron-capitaliste.com\/wp-content\/uploads\/2020\/03\/lumber-84678_1920-1024x683.jpg 1024w, https:\/\/www.salaud-patron-capitaliste.com\/wp-content\/uploads\/2020\/03\/lumber-84678_1920-300x200.jpg 300w, https:\/\/www.salaud-patron-capitaliste.com\/wp-content\/uploads\/2020\/03\/lumber-84678_1920-768x512.jpg 768w, https:\/\/www.salaud-patron-capitaliste.com\/wp-content\/uploads\/2020\/03\/lumber-84678_1920-1536x1024.jpg 1536w, https:\/\/www.salaud-patron-capitaliste.com\/wp-content\/uploads\/2020\/03\/lumber-84678_1920-1200x800.jpg 1200w, https:\/\/www.salaud-patron-capitaliste.com\/wp-content\/uploads\/2020\/03\/lumber-84678_1920.jpg 1920w\" sizes=\"(max-width: 1024px) 100vw, 1024px\" \/><\/figure>\n\n\n\n<div class=\"is-layout-flow wp-block-group alignwide\"><div class=\"wp-block-group__inner-container\">\n<h2 class=\"has-accent-color has-text-color has-text-align-center\">\u00ab&nbsp;C&rsquo;est dans les utopies d&rsquo;aujourd&rsquo;hui que sont les solutions de demain.&nbsp;\u00bb<\/h2>\n<\/div><\/div>\n\n\n\n<p class=\"has-text-align-center\"> &#8211; Pierre Rabhi &#8211;<\/p>\n\n\n\n<p class=\"has-drop-cap has-text-align-left\">J&rsquo;avais commenc\u00e9 ce blog il y a quelques ann\u00e9es, avant de finalement faire marche arri\u00e8re. Je ne m&rsquo;\u00e9tais autoris\u00e9 cette r\u00e9daction qu&rsquo;apr\u00e8s 10 ann\u00e9es de vie de \u00ab\u00a0patron\u00a0\u00bb. Ce d\u00e9lai atteint, j&rsquo;ai finalement eu du mal \u00e0 retrouver la recette de la motivation initiale. Mais l&rsquo;entr\u00e9e en confinement g\u00e9n\u00e9ralis\u00e9 pour contenir la propagation du Covid-19 \u00e0 relancer la d\u00e9marche.<\/p>\n\n\n\n<p><em>Au fil de ces ann\u00e9es, je n&rsquo;ai pu que me rendre compte na\u00efvet\u00e9 initiale mais si cette aventure entrepreneuriale a tenu malgr\u00e9 les difficult\u00e9s c&rsquo;est parce qu&rsquo;elle \u00e9tait avant-tout humaine. Je ne remercierai jamais assez mon \u00e9quipe de la confiance qu&rsquo;il m&rsquo;ont accord\u00e9 dans cette utopie<\/em>.<\/p>\n\n\n\n<p><\/p>\n\n\n\n<div class=\"is-layout-flow wp-block-group alignwide has-background\" style=\"background-color:#ffffff\"><div class=\"wp-block-group__inner-container\">\n<div class=\"is-layout-flow wp-block-group\"><div class=\"wp-block-group__inner-container\">\n<h2 class=\"has-text-align-center\">A vous lire&nbsp;!<\/h2>\n\n\n\n<p class=\"has-text-align-center\">Ces br\u00e8ves ne se sont pas imagin\u00e9es comme un journal intime, ou le reflet d&rsquo;un ego sur la toile, mais comme un besoin d&rsquo;interaction avec d&rsquo;autres points de vue.<\/p>\n\n\n\n<p class=\"has-text-align-center\">Alors n&rsquo;h\u00e9sitez pas &#8230;<\/p>\n\n\n\n<div class=\"wp-block-button aligncenter\"><a class=\"wp-block-button__link\" href=\"http:\/\/www.salaud-patron-capitaliste.com\/index.php\/contact\/\">Contactez-Moi<\/a><\/div>\n<\/div><\/div>\n<\/div><\/div>\n\n\n\n<figure class=\"is-layout-flex wp-block-gallery-12 wp-block-gallery alignwide columns-0 is-cropped\"><ul class=\"blocks-gallery-grid\"><\/ul><\/figure>\n","protected":false},"excerpt":{"rendered":"<p>Les coulisses de la vie d&rsquo;un entrepreneur. Travaux et jours Jour 1 de confinement Th\u00e9\u00e2tre des op\u00e9rations 1er octobre au 1er d\u00e9cembre La vie que je m\u00e9rite Jour 2 de confinement De Signac \u00e0 Matisse 1er octobre au 1er d\u00e9cembre \u00ab&nbsp;C&rsquo;est dans les utopies d&rsquo;aujourd&rsquo;hui que sont les solutions de demain.&nbsp;\u00bb &#8211; Pierre Rabhi &#8211; [&hellip;]<\/p>\n","protected":false},"author":1,"featured_media":80,"parent":0,"menu_order":0,"comment_status":"closed","ping_status":"closed","template":"","meta":[],"_links":{"self":[{"href":"https:\/\/www.salaud-patron-capitaliste.com\/index.php\/wp-json\/wp\/v2\/pages\/6"}],"collection":[{"href":"https:\/\/www.salaud-patron-capitaliste.com\/index.php\/wp-json\/wp\/v2\/pages"}],"about":[{"href":"https:\/\/www.salaud-patron-capitaliste.com\/index.php\/wp-json\/wp\/v2\/types\/page"}],"author":[{"embeddable":true,"href":"https:\/\/www.salaud-patron-capitaliste.com\/index.php\/wp-json\/wp\/v2\/users\/1"}],"replies":[{"embeddable":true,"href":"https:\/\/www.salaud-patron-capitaliste.com\/index.php\/wp-json\/wp\/v2\/comments?post=6"}],"version-history":[{"count":9,"href":"https:\/\/www.salaud-patron-capitaliste.com\/index.php\/wp-json\/wp\/v2\/pages\/6\/revisions"}],"predecessor-version":[{"id":89,"href":"https:\/\/www.salaud-patron-capitaliste.com\/index.php\/wp-json\/wp\/v2\/pages\/6\/revisions\/89"}],"wp:featuredmedia":[{"embeddable":true,"href":"https:\/\/www.salaud-patron-capitaliste.com\/index.php\/wp-json\/wp\/v2\/media\/80"}],"wp:attachment":[{"href":"https:\/\/www.salaud-patron-capitaliste.com\/index.php\/wp-json\/wp\/v2\/media?parent=6"}],"curies":[{"name":"wp","href":"https:\/\/api.w.org\/{rel}","templated":true}]}}